
Does 16 divide 580368?
True
Is 280421 a multiple of 23?
False
Is 28 a factor of 136359?
False
Does 14 divide 826252?
True
Does 3 divide 1128234?
True
Does 4 divide 155709?
False
Does 95 divide 46674?
False
Is 244 a factor of 842327?
False
Is 74340 a multiple of 20?
True
Does 45 divide 55549?
False
Is 20 a factor of 18667995?
False
Is 5947773 a multiple of 60?
False
Does 1337 divide 17448039?
False
Is 2993859 a multiple of 89?
False
Is 433200 a multiple of 120?
True
Is 255 a factor of 1404285?
True
Is 1096481 a multiple of 99?
False
Is 19 a factor of 27630?
False
Is 209 a factor of 291581?
False
Does 321 divide 14687503?
False
Is 30 a factor of 49710?
True
Is 454 a factor of 4051042?
True
Does 215 divide 74175?
True
Is 9 a factor of 11233638?
True
Does 155 divide 20255?
False
Is 10 a factor of 26035536?
False
Is 10 a factor of 3468698?
False
Does 101 divide 44145?
False
Is 245 a factor of 17150?
True
Is 270710 a multiple of 10?
True
Is 951 a factor of 1660864?
False
Does 17 divide 5872327?
True
Is 552365 a multiple of 121?
True
Is 900 a factor of 6320700?
True
Is 212628 a multiple of 299?
False
Does 711 divide 2017431?
False
Is 3652877 a multiple of 391?
False
Does 109 divide 437417?
True
Is 450 a factor of 1788300?
True
Does 4 divide 318256?
True
Is 121 a factor of 168345?
False
Does 1053 divide 14397536?
False
Does 64 divide 17856?
True
Does 243 divide 38567?
False
Does 266 divide 5709690?
True
Is 268 a factor of 6083868?
True
Is 5887047 a multiple of 151?
False
Is 73 a factor of 1824711?
False
Does 129 divide 11434653?
False
Does 17 divide 1678314?
False
Does 3 divide 62163?
True
Is 13 a factor of 10451203?
False
Is 504379 a multiple of 17?
False
Is 25449697 a multiple of 91?
True
Is 4031328 a multiple of 16?
True
Is 86 a factor of 253401?
False
Is 9 a factor of 17694?
True
Is 25632 a multiple of 267?
True
Does 292 divide 42011?
False
Is 2932329 a multiple of 6?
False
Does 20 divide 917340?
True
Is 47 a factor of 1717380?
True
Is 30 a factor of 1028408?
False
Does 130 divide 1578070?
True
Does 61 divide 14901568?
True
Is 453 a factor of 111832?
False
Is 114 a factor of 95817?
False
Does 5 divide 609646?
False
Is 22372986 a multiple of 43?
True
Is 20 a factor of 671802?
False
Is 869 a factor of 2461877?
True
Is 224 a factor of 114464?
True
Does 208 divide 769600?
True
Is 85 a factor of 76500?
True
Does 1020 divide 3164948?
False
Does 10 divide 6217180?
True
Is 91 a factor of 848484?
True
Is 106500 a multiple of 284?
True
Is 19 a factor of 1147543?
True
Does 341 divide 158565?
True
Is 17 a factor of 1706491?
False
Is 346 a factor of 386944?
False
Does 3 divide 86767?
False
Is 8 a factor of 3580776?
True
Is 149382 a multiple of 193?
True
Does 223 divide 1292080?
False
Is 2246580 a multiple of 35?
True
Does 10 divide 504229?
False
Does 9 divide 2211867?
True
Is 19 a factor of 1704?
False
Does 22 divide 1958?
True
Is 47 a factor of 189766?
False
Does 115 divide 2511508?
False
Does 10 divide 1516500?
True
Is 7649935 a multiple of 105?
False
Is 2703026 a multiple of 767?
False
Is 8798 a multiple of 37?
False
Is 17 a factor of 1279250?
True
Is 85129 a multiple of 36?
False
Is 141 a factor of 536243?
False
Does 57 divide 2068131?
True
Is 132 a factor of 2482392?
True
Is 319 a factor of 420123?
True
Is 1221645 a multiple of 333?
False
Does 126 divide 4527558?
True
Is 25393500 a multiple of 594?
True
Does 45 divide 114609?
False
Is 145935 a multiple of 235?
True
Is 322560 a multiple of 70?
True
Is 674352 a multiple of 56?
True
Is 3903090 a multiple of 15?
True
Does 44 divide 7499984?
False
Does 6 divide 39374?
False
Is 23 a factor of 820956?
False
Is 203 a factor of 1972754?
True
Is 22 a factor of 162206?
True
Is 556736 a multiple of 63?
False
Is 885715 a multiple of 50?
False
Is 15 a factor of 130314?
False
Is 1650620 a multiple of 1910?
False
Is 131 a factor of 628503?
False
Is 97785 a multiple of 123?
True
Does 789 divide 8268740?
False
Is 3 a factor of 2407056?
True
Is 15 a factor of 65190?
True
Does 137 divide 479467?
False
Is 8 a factor of 206840?
True
Is 1133 a factor of 990242?
True
Is 7 a factor of 76250?
False
Is 614 a factor of 2456?
True
Does 339 divide 202422?
False
Is 149 a factor of 396340?
True
Is 3 a factor of 896013?
True
Does 15 divide 202656?
False
Is 94392 a multiple of 114?
True
Is 68712 a multiple of 23?
False
Is 295416 a multiple of 66?
True
Is 148 a factor of 14873322?
False
Does 404 divide 6408727?
False
Is 337107 a multiple of 11?
False
Does 56 divide 598472?
True
Does 84 divide 22107121?
False
Is 159 a factor of 157329?
False
Is 47 a factor of 159001?
True
Does 442 divide 943228?
True
Does 3 divide 41991?
True
Is 30 a factor of 146820?
True
Is 31 a factor of 2424293?
True
Is 306 a factor of 667080?
True
Is 1663994 a multiple of 13?
False
Is 86 a factor of 1220036?
False
Is 72 a factor of 303912?
True
Is 35778 a multiple of 70?
False
Is 15 a factor of 22556?
False
Does 119 divide 9773?
False
Does 84 divide 206648?
False
Is 9498246 a multiple of 266?
False
Does 40 divide 36200?
True
Is 964 a factor of 16406642?
False
Is 158 a factor of 6292803?
False
Does 1001 divide 9543534?
True
Is 9032604 a multiple of 14?
True
Is 212735 a multiple of 157?
True
Does 22 divide 44863?
False
Does 8 divide 7941461?
False
Is 145816 a multiple of 22?
True
Does 168 divide 4656602?
False
Is 1864356 a multiple of 78?
True
Does 157 divide 733818?
True
Is 35 a factor of 1353835?
True
Is 5 a factor of 142947?
False
Does 186 divide 11702190?
True
Does 313 divide 2745949?
True
Does 8 divide 3001916?
False
Does 2 divide 315140?
True
Is 82 a factor of 46145?
False
Is 12 a factor of 4705517?
False
Is 13473 a multiple of 10?
False
Is 15 a factor of 3176330?
False
Is 365687 a multiple of 49?
True
Is 7805854 a multiple of 94?
True
Does 133 divide 675881?
False
Is 2483440 a multiple of 80?
True
Is 30 a factor of 210295?
False
Does 4 divide 30854?
False
Is 30 a factor of 179902?
False
Is 3 a factor of 1672065?
True
Is 67 a factor of 202005?
True
Is 310 a factor of 1686400?
True
Does 118 divide 95166?
False
Does 15 divide 11683215?
True
Is 676547 a multiple of 3?
False
Is 4185450 a multiple of 142?
True
Does 14 divide 235376?
False
Is 2947182 a multiple of 11?
False
Is 36 a factor of 257112?
True
Is 21 a factor of 5147205?
True
Is 31 a factor of 92193?
False
Is 40 a factor of 5864920?
True
Is 977734 a multiple of 5?
False
Is 345494 a multiple of 12?
False
Is 257 a factor of 13161227?
True
Does 1129 divide 5773706?
True
Is 20 a factor of 17317540?
True
Does 71 divide 946288?
True
Is 84392 a multiple of 7?
True
Does 84 divide 26211?
False
Does 5 divide 2620?
True
Does 6 divide 17070?
True
Is 13 a factor of 9481381?
True
Does 227 divide 91164?
False
Does 585 divide 361530?
True
Is 88 a factor of 182864?
True
Is 55 a factor of 9900?
True
Is 3 a factor of 267924?
True
Is 118 a factor of 179832?
True
Is 71506 a multiple of 58?
False
Does 11 divide 116653?
False
Does 13 divide 142714?
True
Does 5 divide 22255?
True
Is 5791015 a multiple of 160?
False
Does 25 divide 6762880?
False
Is 748296 a multiple of 865?
False
Is 24 a factor of 47266?
False
Is 121403 a multiple of 181?
False
Does 13 divide 858886?
False
Is 971 a factor of 8302319?
False
Is 1507956 a multiple of 212?
True
Is 111744 a multiple of 16?
True
Is 8143403 a multiple of 51?
False
Does 16 divide 744726?
False
Is 16329311 a multiple of 59?
False
Is 6 a factor of 77082?
True
Is 19252 a multiple of 6?
False
Does 581 divide 669893?
True
Is 144199 a multiple of 22?
False
Does 35 divide 16730?
True
Does 13 divide 596024?
True
Is 2376992 a multiple of 118?
True
Is 61 a factor of 269998?
False
Is 24 a factor of 4170000?
True
Is 1200600 a multiple of 87?
True
Does 608 divide 397244?
False
Is 1335009 a multiple of 39?
True
Is 3594724 a multiple of 58?
True
Is 419 a factor of 6164807?
False
Is 1576 a factor of 3638359?
False
Is 45261 a multiple of 9?
True
Does 605 divide 3876171?
False
Does 112 divide 3806053?
False
Does 2 divide 319030?
True
Does 2 divide 30421?
False
Is 50 a factor of 103454?
False
Is 180062 a multiple of 15?
False
Is 1378560 a multiple of 192?
True
Does 20 divide 598385?
False
Is 73888 a multiple of 8?
True
Does 105 divide 477352?
False
Does 506 divide 3968443?
False
Is 153 a factor of 351087?
